d**2 - 86*d + 2959. What is o(10)?
-1
Let j(g) = -8*g**2 + 2389*g + 11912. Calculate j(-5).
-233
Let w(m) = m**3 + 15*m**2 + 58*m - 24. What is w(-5)?
-64
Let n(d) = -d**3 - 63*d**2 - 762*d - 177. Determine n(-16).
-17
Let x(y) = 3*y**3 - 135*y**2 - 8378*y + 377020. Determine x(45).
10
Let k(w) = w**2 + 74*w - 548. Determine k(6).
-68
Let r(u) = 9*u**3 + 231*u**2 + 15*u + 1913. Determine r(-26).
-505
Let z(o) = -44*o**2 - 551*o - 1502. Give z(-4).
-2
Let j(v) = -22*v**2 - 979*v + 6798. Give j(7).
-1133
Let c(l) = 9994*l + 509685. Give c(-51).
-9
Let n(s) = -100*s + 1172. Determine n(10).
172
Let j(l) = l**3 - 26*l**2 - 167*l - 2146. Determine j(33).
-34
Let q(r) = 1087*r + 194662. Give q(-179).
89
Let h(d) = -28*d**2 + 7*d + 19. Calculate h(-4).
-457
Let y(l) = -l**3 - 268*l**2 - 570*l - 9961. What is y(-266)?
147
Let k(h) = h**2 - 491*h - 1936. Give k(495).
44
Let i(g) = -795*g + 406945. Calculate i(512).
-95
Let n(l) = -8*l**3 + 307*l**2 + 196*l - 95. Give n(39).
-56
Let p(g) = -41*g**3 + 14390*g**2 + 356*g - 1759. Give p(351).
-4
Let m(r) = 8037*r + 2788842. What is m(-347)?
3
Let v(d) = 564*d + 73933. Calculate v(-132).
-515
Let f(r) = r**2 - 3238*r - 174416. Give f(-53).
7
Let f(s) = 6537*s - 25314. What is f(4)?
834
Let r(l) = l**3 + 56*l**2 - 220*l - 15231. Give r(-55).
-106
Let l(c) = -2*c**3 - 19*c**2 + 747*c + 4527. What is l(-6)?
-207
Let a(f) = 3*f**3 - 25*f**2 + 5548*f - 50097. Determine a(9).
-3
Let a(t) = 196*t**3 - 774*t**2 + 17*t - 31. Calculate a(4).
197
Let p(g) = -g**3 - 659*g**2 + 5643*g + 204766. What is p(-667)?
-3
Let b(a) = -2*a**3 + 41*a**2 - 281*a + 940. Calculate b(12).
16
Let z(y) = 4689*y + 14060. Give z(-3).
-7
Let f(o) = 7*o**2 + 1576*o + 87447. Determine f(-126).
3
Let q(i) = 41*i**2 - 901*i + 2937. What is q(18)?
3
Let x(s) = -25804*s + 3431914. What is x(133)?
-18
Let p(q) = 1136*q + 55611. Determine p(-49).
-53
Let z(f) = f**3 + 219*f**2 - 650*f - 42. Give z(3).
6
Let q(i) = -i**3 - 22*i**2 - 81*i - 1091. Calculate q(-19).
-635
Let i(g) = 929*g - 245187. Calculate i(264).
69
Let y(l) = l**2 - 8714*l - 95946. Give y(-11).
29
Let a(s) = -7151*s + 400465. Give a(56).
9
Let q(x) = -2*x**2 + 125*x - 1069. Calculate q(25).
806
Let q(y) = 3159*y + 1153029. Give q(-365).
-6
Let t(s) = 666*s - 8650. Calculate t(13).
8
Let q(l) = 9*l**3 + 102*l**2 + 63*l - 89. Determine q(-11).
-419
Let p(c) = 243*c**2 - 6818*c + 395. What is p(28)?
3
Let m(a) = 7*a**3 - 80*a**2 + 176*a - 77. Give m(2).
11
Let n(d) = -d**3 - 15*d**2 - 22*d + 99. Determine n(-16).
707
Let x(k) = -3*k**3 - 258*k**2 + 248*k - 1086. Determine x(-87).
45
Let m(p) = 557*p + 3352. What is m(-6)?
10
Let p(k) = 319681*k + 6073936. Determine p(-19).
-3
Let i(n) = -315*n**2 + 49763*n + 1104. Calculate i(158).
-2
Let l(w) = 10*w**2 - 80*w + 94. What is l(4)?
-66
Let c(j) = 206*j + 10290. What is c(-50)?
-10
Let l(y) = -4*y**3 - 5*y**2 - 3750*y - 9. Calculate l(0).
-9
Let p(a) = a**3 + 127*a**2 - 2063*a - 12544. Give p(-141).
5
Let i(w) = 3*w**3 + 90*w**2 - 310*w + 6. Give i(3).
-33
Let l(a) = -a**3 + 698*a**2 + 265*a - 184978. What is l(698)?
-8
Let z(s) = s**2 + 372*s + 34574. Determine z(-190).
-6
Let o(z) = -z**2 + 175*z - 7342. What is o(66)?
-148
Let a(d) = d**2 + 66209*d - 1390836. Determine a(21).
-6
Let f(y) = -11*y**3 + 8*y**2 + 34*y - 92. What is f(3)?
-215
Let s(j) = 1118*j + 7889. Calculate s(-9).
-2173
Let b(f) = f**3 - 4*f**2 + 2*f - 32. Give b(5).
3
Let i(h) = 9*h**2 + 139*h + 153. What is i(-13)?
-133
Let r(v) = -v**3 + 919*v**2 - 197810*v + 3441. Determine r(344).
1
Let z(w) = 157*w**3 + 15*w**2 - 9*w - 6. Calculate z(1).
157
Let f(g) = -3*g**2 + 6*g + 879. Determine f(18).
15
Let d(j) = 6*j**3 - 20*j**2 - 24*j + 21. Determine d(6).
453
Let m(l) = -l**2 + 22*l + 314595. Give m(-550).
-5
Let d(y) = 1602*y - 4508. Determine d(3).
298
Let g(q) = -2*q**3 + 805*q**2 - 4372*q + 2004. Determine g(397).
19
Let x(p) = p**2 + 684*p + 63005. Calculate x(-110).
-135
Let c(w) = -w**2 - 2611*w + 168453. What is c(63)?
-9
Let x(o) = -211*o**2 - 552*o + 1238. What is x(-4)?
70
Let b(d) = 2*d**3 + 69*d**2 + 258*d - 353. Determine b(-30).
7
Let h(v) = 423*v - 99849. Give h(236).
-21
Let c(o) = -5*o**3 - 42*o**2 + 169*o + 211. Calculate c(-1).
5
Let a(i) = 6*i**2 + 1716*i - 159872. Calculate a(-360).
-32
Let l(y) = y**3 + 487*y**2 - 45359*y + 588. Give l(-567).
21
Let s(w) = -1782*w - 105130. Give s(-59).
8
Let d(l) = -20045*l + 20096. Determine d(1).
51
Let i(d) = 104136*d + 833091. Give i(-8).
3
Let b(i) = -153601*i + 768008. Calculate b(5).
3
Let n(d) = d**3 - 49*d**2 - 78*d + 849. Give n(51).
2073
Let o(k) = -36935*k + 554022. What is o(15)?
-3
Let v(i) = -3*i**3 + 16*i**2 - 497*i - 74. Give v(0).
-74
Let v(q) = -30310*q - 6395408. Determine v(-211).
2
Let r(f) = f**3 - 113*f**2 + 2515*f + 708. Calculate r(31).
-129
Let q(h) = h**3 - 25*h**2 - 800*h + 19904. Give q(25).
-96
Let w(i) = -2*i**3 - 3*i**2 - 50*i - 195. Give w(-5).
230
Let g(i) = -i**3 - 132*i**2 - 149*i - 1903. What is g(-131)?
455
Let c(v) = -v**3 - 10*v**2 - 35*v + 83. Determine c(-7).
181
Let w(s) = -7*s**2 - 2571*s + 13008. Calculate w(5).
-22
Let o(u) = -u**3 + 49*u**2 - 185*u + 145. Calculate o(3).
4
Let t(y) = -11*y**2 + 414*y - 2657. Give t(7).
-298
Let h(t) = -48*t**2 + 478*t + 280. Calculate h(9).
694
Let y(x) = -3*x**3 + 673*x**2 + 27224*x - 212. Calculate y(-35).
-2
Let k(n) = 11*n**2 + 1422*n + 44914. Calculate k(-55).
-21
Let k(x) = x**3 + 92*x**2 + 78*x - 812. Give k(-91).
371
Let l(y) = 52*y**3 + y**2 - 2*y - 8. Calculate l(2).
408
Let n(j) = -j**3 - 2*j**2 + 245*j + 1328. What is n(-6)?
2
Let w(h) = 28960*h - 231679. Determine w(8).
1
Let a(i) = -2798*i + 12104. Determine a(5).
-1886
Let x(u) = -42*u**2 + 41*u + 646. Determine x(-10).
-3964
Let g(d) = d**2 + 22735*d - 90949. Give g(4).
7
Let b(m) = -3*m**3 + 3*m**2 + 165*m + 5323. Determine b(0).
5323
Let w(j) = -3*j**2 - 4203*j + 8. What is w(0)?
8
Let u(z) = -19*z**2 + 559*z - 2546. Give u(24).
-74
Let t(i) = 5*i**2 - 170*i - 443. Calculate t(45).
2032
Let f(i) = -53*i**2 - 13*i + 10. Determine f(-1).
-30
Let g(p) = 19*p**2 - 199*p + 227. Determine g(7).
-235
Let a(f) = 637*f**3 + 3186*f**2 + 7*f + 12. Determine a(-5).
2
Let f(q) = q**3 - 51*q**2 + 42*q + 272. Determine f(49).
-2472
Let z(b) = -b**3 - 16*b**2 - 31*b - 272. Give z(-12).
-476
Let n(i) = -2*i**3 + 46*i**2 - 29*i + 73. Give n(19).
2410
Let j(l) = 488642*l - 1954610. Calculate j(4).
-42
Let k(a) = -112073*a - 1008666. Calculate k(-9).
-9
Let y(u) = u**2 + 1396*u - 63370. What is y(-1440)?
-10
Let f(c) = -16*c**3 - 335*c**2 + 705*c - 88. Determine f(2).
-146
Let t(h) = -2*h**3 - 873*h**2 - 1254*h - 356649. Calculate t(-436).
-1
Let t(d) = d**2 + 174*d + 4335. Calculate t(-32).
-209
Let f(w) = -416*w - 2945. Give f(-5).
-865
Let f(s) = 2*s**3 - 12*s**2 + 3279*s - 13132. Determine f(4).
-80
Let b(l) = -3324*l - 116355. Give b(-35).
-15
Let a(i) = 454*i - 5989. Determine a(14).
367
Let d(y) = 10*y**2 + 533*y + 3610. Determine d(-8).
-14
Let l(k) = k**3 + 104*k**2 + 95*k + 182. What is l(-103)?
1006
Let r(y) = 3*y**2 - 37*y + 293. What is r(10)?
223
Let k(i) = 2083*i - 177058. Determine k(85).
-3
Let o(m) = m**3 + 36*m**2 - 85*m - 61. Give o(-39).
-1309
Let c(t) = -4*t**3 - 285*t**2 - 1700*t - 3. Calculate c(-6).
801
Let v(p) = -221*p**3 + 2*p**2 - 172*p + 171. Give v(1).
-220
Let i(g) = g**2 + 104*g - 1989. Determine i(-119).
-204
Let q(k) = -43*k**2 - 7*k - 23. Determine q(5).
-1133
Let u(n) = -n**2 + 160*n - 5885. Calculate u(66).
319
Let c(k) = 14*k**2 - 384*k - 3431. Determine c(-9).
1159
Let i(o) = -33*o**2 + 404*o - 345. Calculate i(1).
26
Let w(s) = 3181*s**2 - 12720*s - 31. Calculate w(4).
-15
Let n(c) = 2*c**2 - 761*c + 58870. Determine n(108).
10
Let v(o) = -4365*o + 1065. Calculate v(-1).
5430
Let d(b) = -72*b + 1892. What is d(34)?
-556
Let v(w) = -558*w - 4822. What is v(-12)?
1874
Let r(y) = -13*y**3 + 26*y**2 - 54*y + 405. Calculate r(6).
-1791
Let h(b) = -10*b**3 + 18*b**2 + 55*b + 48. Determine h(-2).
90
Let h(p) = p**2 + 658851*p - 12518525. What is h(19)?
5
Let r(z) = z**3 + 18*z**2 - 568*z + 335. Calculate r(-34).
1151
Let u(s) = -24*s**3 - 1224*s**2 + 16*s + 832. Give u(-51).
16
Let s(l) = l**3 + 89*l**2 + 1528*l + 5175. Determine s(-17).
7
Let l